640428?
1044
Calculate the greatest common divisor of 26193825 and 225.
225
Calculate the greatest common factor of 3597404 and 136.
68
What is the highest common factor of 78714650 and 350?
350
What is the highest common divisor of 300804 and 18396?
84
What is the highest common factor of 7 and 7299859?
7
What is the greatest common factor of 962 and 1402078?
74
What is the highest common divisor of 308 and 870749?
11
Calculate the greatest common factor of 19630952 and 15694.
2242
Calculate the highest common divisor of 1380 and 15512070.
30
Calculate the highest common factor of 827568 and 499968.
1008
Calculate the highest common factor of 34 and 16852032.
34
Calculate the greatest common factor of 3175431 and 1239.
21
What is the greatest common divisor of 200 and 384968?
8
What is the highest common divisor of 712101 and 46128?
2883
What is the greatest common divisor of 700 and 283100?
100
What is the highest common divisor of 554730 and 817212?
2706
What is the greatest common divisor of 9603 and 453123?
99
What is the greatest common divisor of 3653 and 15744149?
281
What is the greatest common factor of 284 and 21008900?
284
Calculate the greatest common factor of 1104 and 253632.
48
Calculate the highest common factor of 22599030 and 69961.
1627
What is the greatest common factor of 146800 and 2053365?
1835
Calculate the greatest common factor of 555250 and 18875.
125
Calculate the highest common factor of 498234 and 913.
11
What is the greatest common factor of 30246 and 99942?
6
Calculate the greatest common divisor of 88089595 and 33.
11
Calculate the highest common factor of 15505 and 2368278.
443
Calculate the greatest common divisor of 80 and 1176002.
2
Calculate the greatest common factor of 378 and 13751586.
54
Calculate the highest common divisor of 40064 and 26315788.
1252
What is the highest common factor of 2993600 and 360?
40
What is the highest common factor of 387 and 3425853?
129
Calculate the greatest common factor of 175 and 875872225.
25
Calculate the greatest common factor of 454006 and 4242.
14
What is the highest common factor of 234469806 and 12?
6
Calculate the greatest common divisor of 17240080 and 264.
88
What is the highest common divisor of 2268888 and 340?
68
Calculate the highest common divisor of 2210624 and 190528.
832
What is the highest common factor of 198925 and 9420325?
2725
What is the greatest common divisor of 7110 and 7703290?
790
What is the greatest common divisor of 11868 and 221812?
92
What is the greatest common factor of 15794084 and 196?
4
Calculate the highest common divisor of 10846 and 4269322.
58
What is the greatest common divisor of 462 and 842058?
42
Calculate the highest common factor of 54065187 and 803.
803
What is the greatest common divisor of 4473 and 1521814?
497
Calculate the greatest common divisor of 24064 and 3602080.
1504
What is the greatest common divisor of 18990 and 15836130?
90
What is the highest common factor of 690 and 14203926?
138
What is the greatest common factor of 10 and 193108585?
5
Calculate the highest common factor of 4 and 1876990.
2
What is the greatest common factor of 38675 and 4199?
221
Calculate the highest common divisor of 18808275 and 300.
75
Calculate the highest common divisor of 292 and 387756.
4
What is the greatest common factor of 3107 and 38395111?
239
What is the greatest common divisor of 49686387 and 69483?
3021
Calculate the highest common divisor of 2950 and 1445.
5
What is the highest common divisor of 918 and 14911482?
102
Calculate the greatest common factor of 5111952 and 893580.
3372
Calculate the highest common divisor of 1244 and 25612094.
622
What is the highest common divisor of 3110400 and 4239?
27
Calculate the highest common divisor of 20565185 and 7660.
1915
What is the greatest common factor of 152 and 15936?
8
What is the highest common factor of 73087 and 361298?
1379
Calculate the highest common divisor of 45446 and 35712.
62
Calculate the greatest common divisor of 58388505 and 11850.
1185
Calculate the highest common factor of 1197 and 933723.
63
What is the greatest common factor of 1860531 and 1258?
17
What is the highest common divisor of 3 and 7578095?
1
What is the greatest common divisor of 1132 and 274510?
566
Calculate the greatest common factor of 81250 and 182650.
650
Calculate the greatest common divisor of 744283826 and 1573.
1573
What is the greatest common factor of 56815 and 455?
5
Calculate the greatest common factor of 20081 and 169162.
43
What is the highest common factor of 672544658 and 606?
202
Calculate the highest common divisor of 416 and 6417344.
32
Calculate the greatest common factor of 64407 and 5415.
3
What is the greatest common factor of 396 and 51145281?
99
Calculate the greatest common factor of 518 and 926954.
14
Calculate the highest common factor of 3360 and 29054760.
840
Calculate the greatest common factor of 4775 and 175866115.
955
Calculate the greatest common factor of 713 and 747293.
23
Calculate the greatest common factor of 98451 and 6192.
9
What is the greatest common divisor of 96977 and 222?
37
What is the greatest common divisor of 16288 and 31468?
4
Calculate the greatest common divisor of 4738832 and 213556.
812
What is the highest common divisor of 3661180 and 84?
4
What is the greatest common divisor of 7816 and 51560198?
1954
What is the greatest common divisor of 84233588 and 4?
4
Calculate the highest common divisor of 301635797 and 155.
31
Calculate the highest common factor of 2770 and 152801510.
2770
Calculate the greatest common factor of 14 and 596687.
7
Calculate the greatest common factor of 304 and 83265296.
304
What is the greatest common factor of 550819068 and 18?
6
What is the greatest common divisor of 31953839 and 589?
589
Calculate the highest common divisor of 86510 and 42622.
422
What is the greatest common factor of 54650 and 1561550?
50
What is the highest common factor of 24750 and 198765?
45
Calculate the highest common divisor of 44192 and 136956532.
5524
Calculate the highest common divisor of 1030 and 317260.
10
Calculate the greatest common divisor of 3360 and 884184.
168
Calculate the greatest common factor of 9069966 and 852.
426
Calculate the highest common factor of 9179765 and 56.
7
Calculate the highest common factor of 142783680 and 17472.
2496
What is the highest common divisor of 21614 and 2583782?
202
Calculate the highest common divisor of 169 and 4635007.
13
Calculate the greatest common factor of 45349 and 1959299.
101
Calculate the greatest common factor of 191860385 and 1615.
1615
What is the greatest common factor of 42079735 and 410?
205
Calculate the highest common divisor of 42 and 211074766.
14
What is the greatest common factor of 6243734 and 9499?
413
Calculate the greatest common divisor of 24875432 and 1992.
664
Calculate the highest common divisor of 27527688 and 3312.
1656
Calculate the greatest common factor of 35 and 1802389.
1
Calculate the greatest common factor of 188 and 8821994.
94
What is the greatest common factor of 75648 and 56342?
394
Calculate the highest common factor of 91741 and 3497.
13
Calculate the highest common divisor of 228721052 and 1652.
1652
Calculate the greatest common divisor of 734305 and 13904.
869
What is the greatest common factor of 778812336 and 2676?
2676
What is the greatest common factor of 17682 and 498666?
42
What is the greatest common divisor of 4653064 and 416?
104
What is the highest common factor of 126160894 and 1278?
142
What is the greatest common factor of 79924 and 866762?
1378
Calculate the greatest common divisor of 335412 and 464058.
126
What is the highest common divisor of 29508 and 734772?
12
Calculate the greatest common divisor of 66 and 572232.
6
Calculate the greatest common factor of 94290 and 10892740.
4490
Calculate the greatest common factor of 56 and 37700166.
14
What is the highest common divisor of 7308182 and 1348?
674
Calculate the greatest common factor of 3393 and 16484325.
1131
Calculate the highest common divisor of 126060649 and 2739.
913
Calculate the highest common factor of 198 and 86364.
18
What is the greatest common factor of 6847870 and 3495?
1165
What is the greatest common factor of 545 and 186649747?
109
What is the h